ts digit of 88579222?
2
What is the tens digit of 926479718?
1
What is the ten millions digit of 970859157?
7
What is the tens digit of 244973725?
2
What is the tens digit of 49653983?
8
What is the units digit of 119792360?
0
What is the thousands digit of 621439432?
9
What is the ten thousands digit of 2650767265?
6
What is the hundred thousands digit of 16226591?
2
What is the hundreds digit of 4920971552?
5
What is the hundred millions digit of 756985645?
7
What is the tens digit of 1799753837?
3
What is the billions digit of 1631280239?
1
What is the hundred thousands digit of 393991707?
9
What is the hundred thousands digit of 4922776780?
7
What is the tens digit of 262802835?
3
What is the billions digit of 1820157431?
1
What is the ten thousands digit of 154692570?
9
What is the ten millions digit of 94318877?
9
What is the thousands digit of 1134078963?
8
What is the ten millions digit of 3481311436?
8
What is the thousands digit of 136952759?
2
What is the hundreds digit of 1382906123?
1
What is the hundreds digit of 227708292?
2
What is the thousands digit of 917616681?
6
What is the hundred millions digit of 672328035?
6
What is the tens digit of 14963169?
6
What is the thousands digit of 6166733?
6
What is the hundred millions digit of 2047872031?
0
What is the hundreds digit of 79939577?
5
What is the hundreds digit of 4114968353?
3
What is the millions digit of 526428114?
6
What is the hundred thousands digit of 2097964941?
9
What is the tens digit of 632135412?
1
What is the hundred thousands digit of 11962096?
9
What is the millions digit of 340749425?
0
What is the thousands digit of 225953775?
3
What is the units digit of 170310329?
9
What is the ten millions digit of 195909166?
9
What is the hundreds digit of 1100437496?
4
What is the ten thousands digit of 63948085?
4
What is the thousands digit of 309902369?
2
What is the ten thousands digit of 117575243?
7
What is the hundreds digit of 945274183?
1
What is the tens digit of 50582922?
2
What is the thousands digit of 581148476?
8
What is the millions digit of 172232326?
2
What is the thousands digit of 47740480?
0
What is the tens digit of 3637113184?
8
What is the millions digit of 1330781567?
0
What is the hundred thousands digit of 5764405318?
4
What is the millions digit of 2310070009?
0
What is the thousands digit of 2538697?
8
What is the thousands digit of 89341679?
1
What is the millions digit of 222186623?
2
What is the ten thousands digit of 462743817?
4
What is the millions digit of 151033939?
1
What is the hundred thousands digit of 84090058?
0
What is the ten thousands digit of 6868012877?
1
What is the units digit of 79730603?
3
What is the millions digit of 214699028?
4
What is the thousands digit of 38856135?
6
What is the hundreds digit of 3691383541?
5
What is the thousands digit of 591394924?
4
What is the hundred millions digit of 2689787886?
6
What is the ten thousands digit of 297026584?
2
What is the ten millions digit of 116503701?
1
What is the hundred millions digit of 198547231?
1
What is the units digit of 1684276416?
6
What is the hundred thousands digit of 36652684?
6
What is the millions digit of 2119841101?
9
What is the units digit of 95525163?
3
What is the thousands digit of 83603888?
3
What is the units digit of 106308502?
2
What is the units digit of 82935431?
1
What is the millions digit of 1897129830?
7
What is the units digit of 320257724?
4
What is the ten millions digit of 43872021?
4
What is the hundreds digit of 215591012?
0
What is the thousands digit of 363699146?
9
What is the hundreds digit of 333518181?
1
What is the units digit of 5443168180?
0
What is the thousands digit of 940837979?
7
What is the units digit of 50707995?
5
What is the ten millions digit of 48222717?
4
What is the hundreds digit of 61729891?
8
What is the thousands digit of 53655447?
5
What is the ten thousands digit of 1059450699?
5
What is the hundreds digit of 29300997?
9
What is the ten thousands digit of 42005189?
0
What is the hundreds digit of 181946600?
6
What is the thousands digit of 145114366?
4
What is the units digit of 51174357?
7
What is the hundred thousands digit of 277992620?
9
What is the millions digit of 496135071?
6
What is the units digit of 132065270?
0
What is the millions digit of 4565224846?
5
What is the hundred thousands digit of 40166958?
1
What is the units digit of 325425067?
7
What is the units digit of 823836407?
7
What is the tens digit of 195887738?
3
What is the ten millions digit of 178333066?
7
What is the hundreds digit of 208284083?
0
What is the thousands digit of 229969158?
9
What is the hundred millions digit of 145292297?
1
What is the ten millions digit of 6297128849?
9
What is the units digit of 2401226?
6
What is the ten thousands digit of 111601915?
0
What is the units digit of 2233384174?
4
What is the millions digit of 322177399?
2
What is the ten thousands digit of 1989914591?
1
What is the units digit of 5453312166?
6
What is the thousands digit of 986839771?
9
What is the ten millions digit of 254036711?
5
What is the hundreds digit of 1527543221?
2
What is the millions digit of 255964156?
5
What is the tens digit of 532138312?
1
What is the hundreds digit of 287518899?
8
What is the tens digit of 40103673?
7
What is the hundred thousands digit of 36209641?
2
What is the ten millions digit of 2445893967?
4
What is the tens digit of 734553456?
5
What is the units digit of 662722548?
8
What is the millions digit of 24040858?
4
What is the hundred thousands digit of 4192415640?
4
What is the ten millions digit of 32066123?
3
What is the thousands digit of 31525386?
5
What is the thousands digit of 397011835?
1
What is the ten thousands digit of 3375696?
7
What is the hundred millions digit of 155360257?
1
What is the hundreds digit of 2100215417?
4
What is the hundreds digit of 271942282?
2
What is the ten millions digit of 129786775?
2
What is the ten millions digit of 118237264?
1
What is the ten thousands digit of 68214289?
1
What is the ten thousands digit of 3231790881?
9
What is the units digit of 937483287?
7
What is the hundred thousands digit of 336329696?
3
What is the hundred thousands digit of 6390224?
3
What is the units digit of 26470054?
4
What is the thousands digit of 8141489?
1
What is the ten thousands digit of 61204250?
0
What is the thousands digit of 80825709?
5
What is the hundred millions digit of 2061909322?
0
What is the millions digit of 266943515?
6
What is the hundreds digit of 22202836?
8
What is the ten thousands digit of 6785815907?
1
What is the hundreds digit of 172688223?
2
What is the hundred thousands digit of 55209935?
2
What is the billions digit of 2237756978?
2
What is the tens digit of 26004623?
2
What is the hundred millions digit of 831942761?
8
What is the units digit of 710361955?
5
What is the thousands digit of 1092380118?
0
What is the hundred millions digit of 476244862?
4
What is the hundreds digit of 2408535591?
5
What is the hundreds digit of 178430523?
5
What is the thousands digit of 51169592?
9
What is the thousands digit of 39479733?
9
What is the units digit of 79460528?
8
What is the hundreds digit of 63156237?
2
What is the units digit of 835156752?
2
What is the units digit of 218917475?
5
What is the billions digit of 1706860918?
1
What is the thousands digit of 74573525?
3
What is the tens digit of 38534461?
6
What is the thousands digit of 345742978?
2
What is the hundred thousands digit of 3929598319?
5
What is the millions digit of 1439852337?
9
What is the hundreds digit of 215271803?
8
What is the hundreds digit of 58470465?
4
What is the thousands digit of 260256807?
6
What is the ten thousands digit of 3236918284?
1
What is the thousands digit of 1635253?
5
What is the billions digit of 1351364964?
1
What is the tens digit of 181036320?
2
What is the hundred thousands digit of 3069115178?
1
What is the hundreds digit of 16543300?
3
What is the hundreds digit of 860771861?
8
What is the hundreds digit of 1672037538?
5
What is the tens digit of 331578348?
4
What is the thousands digit of 1843167458?
7
What is the hundreds digit of 104638619?
6
What is the hundred millions digit of 445222306?
4
What is the hundred millions digit of 6